

{"id":995,"date":"2019-03-16T17:28:02","date_gmt":"2019-03-16T16:28:02","guid":{"rendered":"http:\/\/www.cnpr.ch\/?page_id=995"},"modified":"2022-09-29T14:48:07","modified_gmt":"2022-09-29T12:48:07","slug":"ruban-bleu-cnpr","status":"publish","type":"page","link":"https:\/\/www.cnpr.ch\/?page_id=995","title":{"rendered":"Cordon Bleu CNPr (by Restaurant Les Ab\u00e9riaux)"},"content":{"rendered":"<p>Le Cordon Bleu du CNPr c\u2019est un aller-retour pointe de Promenthoux \u2013 Yvoire pour un parcours de 4.6 mn. Le r\u00e8glement est d\u00e9crit dans le document <a href=\"http:\/\/www.cnpr.ch\/wp-content\/uploads\/2020\/06\/R\u00e8glement-ruban-CNPr.pdf\" target=\"_blank\" rel=\"noopener\">ci-joint<\/a>.<\/p>\n<p>Les plus rapides se verront offrir la d\u00e9gustation d&rsquo;un Cordon Bleu du chef du restaurant \u00ab\u00a0Les Ab\u00e9riaux\u00a0\u00bb!<\/p>\n<p>Inscription <a href=\"https:\/\/cnprangins.wufoo.com\/forms\/s153jy9a0dftfp6\/\" target=\"_blank\" rel=\"noopener\">ici<\/a>!<\/p>\n<p>&nbsp;<\/p>\n<p><a href=\"https:\/\/www.cnpr.ch\/wp-content\/uploads\/2022\/09\/Class_cordon_bleu.pdf\">R\u00e9sultats au 29.09.22<\/a><\/p>\n","protected":false},"excerpt":{"rendered":"Le Cordon Bleu du CNPr c\u2019est un aller-retour pointe de Promenthoux \u2013 Yvoire pour un parcours de 4.6 mn. Le r\u00e8glement est d\u00e9crit dans le document ci-joint. Les plus rapides se verront offrir la d\u00e9gustation d&rsquo;un Cordon Bleu du chef du restaurant \u00ab\u00a0Les Ab\u00e9riaux\u00a0\u00bb! Inscription ici! &nbsp; R\u00e9sultats au 29.09.22","protected":false},"author":1,"featured_media":1086,"parent":708,"menu_order":0,"comment_status":"closed","ping_status":"closed","template":"","meta":{"footnotes":""},"class_list":["post-995","page","type-page","status-publish","has-post-thumbnail","hentry"],"_links":{"self":[{"href":"https:\/\/www.cnpr.ch\/index.php?rest_route=\/wp\/v2\/pages\/995","targetHints":{"allow":["GET"]}}],"collection":[{"href":"https:\/\/www.cnpr.ch\/index.php?rest_route=\/wp\/v2\/pages"}],"about":[{"href":"https:\/\/www.cnpr.ch\/index.php?rest_route=\/wp\/v2\/types\/page"}],"author":[{"embeddable":true,"href":"https:\/\/www.cnpr.ch\/index.php?rest_route=\/wp\/v2\/users\/1"}],"replies":[{"embeddable":true,"href":"https:\/\/www.cnpr.ch\/index.php?rest_route=%2Fwp%2Fv2%2Fcomments&post=995"}],"version-history":[{"count":27,"href":"https:\/\/www.cnpr.ch\/index.php?rest_route=\/wp\/v2\/pages\/995\/revisions"}],"predecessor-version":[{"id":1609,"href":"https:\/\/www.cnpr.ch\/index.php?rest_route=\/wp\/v2\/pages\/995\/revisions\/1609"}],"up":[{"embeddable":true,"href":"https:\/\/www.cnpr.ch\/index.php?rest_route=\/wp\/v2\/pages\/708"}],"wp:featuredmedia":[{"embeddable":true,"href":"https:\/\/www.cnpr.ch\/index.php?rest_route=\/wp\/v2\/media\/1086"}],"wp:attachment":[{"href":"https:\/\/www.cnpr.ch\/index.php?rest_route=%2Fwp%2Fv2%2Fmedia&parent=995"}],"curies":[{"name":"wp","href":"https:\/\/api.w.org\/{rel}","templated":true}]}}